 - 3*a - 2 = 0. Let f(b) = 3*b - 7 + c*b**y + 5 - 2*b. What is f(-2)?
4
Let v(h) = h - 3. Let l be (1/4)/(6/120). Let s be l + -9 + 15 + -2. What is v(s)?
6
Suppose u - 49 + 7 = -2*u. Let b(v) = -v**3 + 14*v**2 - 2*v + 30. Determine b(u).
2
Let i = -166 + 193. Let h(z) = z**2 - i*z + 20*z + 0*z**2 + 1. What is h(4)?
-11
Let q(b) = 3*b - 41. Let c(s) = -2*s - 5 - 5 - 4 + 3*s. Let h(l) = 8*c(l) - 3*q(l). Determine h(9).
2
Let h(s) be the second derivative of -s**4/12 + 2*s**3/3 - 3*s**2/2 + 931*s. Suppose 1 + 17 = 2*o. Let p = o - 4. Give h(p).
-8
Let y be (-3)/1 - 172/86. Let m(z) = -5*z + 8. Give m(y).
33
Let d(f) = -f**3 + 42*f**2 - 110*f - 281. Let o be d(39). Let p(l) = -l**2 + 57. What is p(o)?
-7
Let x(p) = -p**3 - 5*p**2 - 8. Let f be x(-5). Let h be (3 - 5/2)*f*1. Let a(i) = -4*i - 1 - 3*i + 6*i. Calculate a(h).
3
Let u(q) = -q + 1. Suppose -4*h = 15 - 7. Let i be (0/(-5))/(1 - h). Suppose -2*p + 7 + 7 = i. Calculate u(p).
-6
Let c(g) be the second derivative of 5*g**4/12 + 2*g - 756. Determine c(-2).
20
Let v be (11406/9)/2 + 8/24. Let y(a) = -1270 + v - 4*a + 626. Determine y(-7).
18
Let d(p) be the first derivative of -p**6/120 - p**5/15 + 7*p**4/24 + p**3 + 3*p**2 + 28*p + 114. Let r(w) be the second derivative of d(w). Calculate r(-6).
36
Suppose 0 = -10*k - 8*k + 72 + 36. Let u(f) = -3*f**2 + 4*f - 7. Calculate u(k).
-91
Let q(o) = 28*o**3 - 8*o**2 + 10*o + 3. Let u(j) = 55*j**3 - 14*j**2 + 17*j + 5. Let f(d) = -7*q(d) + 4*u(d). Determine f(-1).
-23
Let q(c) = c**3 - 14*c**2 - 33*c + 10. Suppose 0 = -2*f + 23*f + 178 - 514. Calculate q(f).
-6
Let i(v) = -10*v - 1 + 5 - 5. Let f = 10764 - 10763. What is i(f)?
-11
Suppose -29 = -3*f + u, 0*u = -f + 3*u + 23. Suppose 0 = 2*k + k + 4*c - f, -5*c = 5*k - 10. Let x(z) = k*z + 3*z + 5 - z. What is x(-7)?
-9
Let l(r) = 6*r**2 + 5 + 22179*r - 44364*r + 22187*r. Calculate l(3).
65
Suppose -2622 = -9*u - 10*u. Let m(j) = -u*j**2 - j + 1 - 2 + 119*j**2. Give m(-1).
-19
Let u be 2*(-2 + 36/8). Let l(c) be the first derivative of 2*c**2 - c + 228. Give l(u).
19
Let z(a) be the first derivative of -1/2*a**2 + 5 + 9/4*a**4 + 0*a + 2/3*a**3. Let o be (1 - (-2)/(-3))*(7 + -4). Calculate z(o).
10
Let r(x) = -13*x + 6. Let o = 8379 + -8367. Give r(o).
-150
Let y(j) = -2 + 1 - 32*j**2 + 90*j**2 - 55*j**2. Suppose 0 = 3*n + 3*h - 66, 8*h + 70 = 5*n + 3*h. Suppose -3*p - u = -4*u - n, p + 4*u = -19. What is y(p)?
2
Let o(u) be the first derivative of -u**5/20 - u**4/4 + u**3/3 - 3*u**2/2 + 34*u - 39. Let s(m) be the first derivative of o(m). What is s(-4)?
5
Suppose -37 = 4*u + 19. Let t = -10 - u. Let z(l) be the second derivative of l**3/6 - 4*l**2 + 37806*l. What is z(t)?
-4
Suppose 37*y = 51*y + 210. Let v(u) = 3*u**2 + 41*u + 39. Let i(q) = q**2 + 14*q + 13. Let r(c) = 7*i(c) - 2*v(c). What is r(y)?
-2
Let l(n) = n**2 - 6*n + 12. Let q be l(4). Suppose 3*z - 7 = -q. Let s(i) = z - 171*i + 85*i + 82*i. Calculate s(1).
-3
Let q = 17400 + -17398. Let v(y) = 12*y + 2. Calculate v(q).
26
Let g(p) be the third derivative of 31*p**2 - 5/24*p**4 + 0 + 0*p + 3/2*p**3. Let r(w) = -10*w + 19. Let s(v) = 13*g(v) - 6*r(v). Give s(6).
-27
Suppose 26*y - 23*y - 21 = 0, -5*h = -y + 22. Let s(j) = 2*j**3 + 3*j**2 + 18*j + 60. What is s(h)?
-21
Let y = 393 - 365. Let c(q) = -q**3 + 28*q**2 - q + 25. What is c(y)?
-3
Let a(s) = 2*s - 4. Let k be -1*3*(-6)/(-18). Let x be 1 - (-3 - (k - 2)). Suppose -9 = -b - x. Give a(b).
12
Suppose -4*m = -16*m + 288. Suppose 23*t = m*t + 1. Let b(i) = 6*i**3 + i**2. Determine b(t).
-5
Let v(f) = -6*f. Let b = -24 - -42. Suppose 5*q - 213 = 4*a, -210 = -4*q - 4*a - b. Let y = -44 + q. What is v(y)?
-6
Let k(z) = z**3 + 6*z**2 - z. Suppose -15 = -0*p + 3*p, t = -5*p - 28. Let u be 30/(-12)*(t - -5). Calculate k(u).
30
Let i(c) = 5*c - 50. Let u(q) = -6*q + 53. Let k(g) = -4*i(g) - 3*u(g). Determine k(19).
3
Let i = -8 + -2. Let z(r) = -41*r - 6126. Let y(a) = -12*a - 1801. Let o(h) = 17*y(h) - 5*z(h). Determine o(i).
3
Let u = 91 + -101. Let d be -9 - 35/u*2. Let z(q) = -21*q - 3. Give z(d).
39
Let f(d) = -d**2 - 9*d. Let p be (3 - 4)/(1 + 21/(-18)). Let b be 16/p*-3*(-1)/2. Let h be 3/(-1) + -9 + b. Give f(h).
8
Let i(m) be the third derivative of 4*m**2 + 1/24*m**4 + 4*m + 11/6*m**3 + 0. What is i(-13)?
-2
Let r(v) = -6*v + 1. Let i(t) be the third derivative of -t**4/4 + 49*t**3/6 - 63*t**2. Let n be i(8). Determine r(n).
-5
Let t(d) = d**2 + 8*d + 6. Let v(z) be the first derivative of -9*z**2/2 - 69*z + 101. Let f be v(-7). Calculate t(f).
-6
Let t(c) = c**3 - 2*c**2 + c - 3. Let k(p) = p**2 - 11*p + 13. Suppose 0 = 3*a + 3*a - 18. Suppose 0 = a*b - 7*b + 40. Let r be k(b). Calculate t(r).
9
Let s(n) = n**2 + 6*n - 10. Let i(v) = v**2 + 10*v + 1. Let q be i(-7). Let c(g) = -4*g - 87. Let d be c(q). What is s(d)?
-3
Let i(z) = -z - 4. Let y(r) = -6*r - 21. Suppose 4*m - 3*q = q - 24, -12 = 4*m - q. Let o(h) = m*y(h) + 11*i(h). Suppose -16 = -5*g + g. Determine o(g).
2
Let l(v) = -2*v**2 - v - 1. Let h(n) = 7*n - 8. Let a be h(4). Suppose 0*y = -2*w - 3*y - 44, -5*y = -a. Let c be w/(-21)*9/(-6). Calculate l(c).
-7
Suppose -3*x = -8*x - 50. Let k(l) = -102*l + 80. Let b(u) = -32*u + 26. Let s(j) = 19*b(j) - 6*k(j). What is s(x)?
-26
Let g(q) = 9 + 7*q - 10 - 2 + q + 2*q. Calculate g(1).
7
Let q be (0*(-4)/20)/(6/2). Suppose -16 = 3*x + 4*c + 13, q = -c + 1. Let f be x*(-3)/(-6) + 1/(-2). Let j(r) = -3*r - 9. Give j(f).
9
Suppose -4*v + 2*h - 4 = 0, 0 = 4*v - 10*h + 11*h - 2. Let o(w) = 4 + 2*w**2 - 1261*w + 1254*w + v. Let r be 3/(-12) - (-17)/4. Give o(r).
8
Let d(m) be the third derivative of m**5/60 - m**4/8 - 7*m**3/3 + 815*m**2. What is d(5)?
-4
Let k(b) be the third derivative of -2 + 0*b + 3/2*b**3 + 19*b**2 + 1/8*b**4. Calculate k(-6).
-9
Let t(u) = -12*u**2 + 22*u - 16. Let r(l) = 7*l**2 - 11*l + 8. Let y be (-1)/2*6*(-6)/6. Let d(i) = y*t(i) + 5*r(i). Calculate d(10).
2
Let u(r) = 2*r**3 + 7*r**2 - 10*r + 11. Let v be u(-5). Let i(w) = -2*w**2 - 30*w - 34. Let m be i(v). Let p(q) = q + 17. What is p(m)?
11
Let u(h) = -h**3 + 35*h**2 + 1. Let q be u(35). Let p(m) = 46*m + 8 - 25*m - 10. Give p(q).
19
Let t be (-32 - (-75)/15) + 16. Let z(l) = -l**2 - l + 112. Calculate z(t).
2
Let g(n) be the first derivative of n**4/4 - 8*n**3/3 - 9*n**2/2 - 7*n - 3342. Determine g(9).
-7
Let m(i) = -i**2 - 30*i - 139. Suppose 213 = 50*r + 1413. Calculate m(r).
5
Let o be (-2*3/9)/((-2)/3). Let w(q) = q**3 - 14*q**2 - 9*q + 9. Let x(k) = 6*k**2 + 4*k - 4. Let j(y) = -3*w(y) - 7*x(y). Give j(o).
-3
Suppose -v - 3*w = 34, 5*v - v - 5*w = -85. Let s = v - -29. Let p(f) = -14*f + s - 5 - 1 + 1. What is p(1)?
-15
Let j(h) = 3*h + 1. Let y = 529 - 423. Suppose 0 = -8*z - y + 58. Give j(z).
-17
Let q = 343 + -322. Suppose 72 + 96 = -q*a. Let o(u) = -u**2 - 4*u + 1. Give o(a).
-31
Let c(d) be the first derivative of d**3/3 - 3*d**2/2 - 22*d + 95. Let v be c(7). Let b(r) = -3*r - 8. Give b(v).
-26
Let v(h) = 30*h - 3*h + 24167*h**2 + 20 - 24169*h**2 + 0*h. What is v(14)?
6
Let k(j) = -523 - j + 514 + 0*j. Let o = -364 - -349. Determine k(o).
6
Let f(w) = -w**3 - 3*w**2 + 7*w + 5. Let a = 545 + -540. Let v(t) = -t**2 - 4*t + 4. Let b be v(-4). Suppose 3*p = -a*q - 20, b = -q + p - 0. Calculate f(q).
-7
Let t(c) = -3*c**2 - 13*c**2 + 28*c**2 + 323 - 293 - 13*c**2 - 6*c. What is t(5)?
-25
Let g(o) = -o + 11. Let u be 5/((-5)/48) + (11 - 14). Let s = 54 + u. Suppose -4*t = 4*b - 36, -4*t - 1 = -s*b - 44. Give g(t).
1
Let l(i) = -i**3 - 3*i**2 + 2*i + 2. Let u be l(2). Let w(p) be the second derivative of p**3/2 + 35*p**2/2 - 27*p + 153. Calculate w(u).
-7
Let k(f) = -82*f + 70*f + 5*f + 29 - 5*f. Give k(6).
-43
Let f(v) = 73*v + 3. Let d(q) = -24*q - 3. Let z(r) = 6*d(r) + 2*f(r). Calculate z(6).
0
Let p(c) = -c**3 - 2*c**2 - 6*c - 1. Suppose -63*o + 67*o - 2*g = 0, 4*o - 8 = 4*g. Determine p(o).
11
Let p(d) = -6*d + 0*d - 92 - 55*d**2 + 23*d**2 - 230*d**3 + 228*d**3. Give p(-16).
4
Let t(p) be the third derivative of 3*p**4/4 - 43*p**3/3 - 623*p**2. What is t(5)?
4
Let o(x) = 5*x - 2. Let i = -77 - -110. Let r be (72/(9 - 6))/(4/6). Let p = r - i. Determine o(p).
13
Let m(u) = -33*u + 86*u + 7*u**3 + 16*u**2 + 3 - 24*u - 27*u. Let b(w) = -13*w**3 - 31*w**2 - 5*w - 6. Let h(k) = 6*b(k) + 11*m(k)